30124?
1030132
In base 16, what is -1ae - -102?
-ac
In base 10, what is -4 + 95611?
95607
In base 13, what is -3 + 171ab0?
171aaa
In base 7, what is 13 - 56043?
-56030
In base 3, what is -2 - -10221210012?
10221210010
In base 5, what is 10 + 1241112?
1241122
In base 8, what is -175 - -172?
-3
In base 2, what is -11111000110011100 + -111?
-11111000110100011
In base 11, what is -9a5676 - 0?
-9a5676
In base 6, what is -25452 + 3404?
-22044
In base 2, what is -10011000000011001 + -10?
-10011000000011011
In base 13, what is -11c700 - 3?
-11c703
In base 4, what is 1131 + -2222?
-1031
In base 2, what is -11101000000110 + -11001010?
-11101011010000
In base 15, what is 5 + -ab84d?
-ab848
In base 2, what is 11110110 + -10001010000010?
-10000110001100
In base 14, what is 3474 + 12?
3486
In base 8, what is 21334 - 25?
21307
In base 3, what is -2100120 - 121?
-2101011
In base 16, what is -19425 + -9?
-1942e
In base 7, what is 5 - -1026062?
1026100
In base 11, what is -12 - -44a91?
44a7a
In base 9, what is -2710481 - -1?
-2710480
In base 12, what is -87 - b?
-96
In base 3, what is -2 + -100121002?
-100121011
In base 3, what is -11110121 - 100?
-11110221
In base 6, what is 12 - -50325?
50341
In base 16, what is 17d0 - -3a?
180a
In base 6, what is -1400522 - -4?
-1400514
In base 4, what is -10 + 10012120?
10012110
In base 13, what is -92a + -87?
-9b4
In base 11, what is -323 + 10556?
10233
In base 8, what is -3 + -32661?
-32664
In base 9, what is -707617 + 0?
-707617
In base 2, what is 11 - 1000111101111000111?
-1000111101111000100
In base 6, what is -15532 - 1205?
-21141
In base 7, what is -65 + -1344?
-1442
In base 7, what is 1 - 124116?
-124115
In base 15, what is 31 + b3?
e4
In base 16, what is -3c + 3bc?
380
In base 3, what is 110020220 + -12?
110020201
In base 6, what is -24150 - -2?
-24144
In base 15, what is -c64 - -151?
-b13
In base 14, what is -6 + 2024?
201c
In base 12, what is -4 + -11021?
-11025
In base 9, what is 22678 + -2?
22676
In base 14, what is cd3ab - 2?
cd3a9
In base 9, what is 1236 + 1441?
2677
In base 7, what is -155 - -22144?
21656
In base 9, what is -2 - -12570?
12567
In base 9, what is -5 + -71866?
-71872
In base 7, what is 65362 + 15?
65410
In base 7, what is -1666520 + 10?
-1666510
In base 10, what is 36 - -108?
144
In base 10, what is -396 - -726?
330
In base 15, what is -134 + -e9b?
-10d0
In base 6, what is 5 - 2530344?
-2530335
In base 3, what is -2110010 - 11221?
-2122001
In base 15, what is 7 - 10449?
-10442
In base 7, what is -1 - -63114?
63113
In base 3, what is 11012112011 + -11?
11012112000
In base 14, what is -a49 - -1?
-a48
In base 14, what is -17c9 - 32?
-181b
In base 4, what is 0 - -1220333231?
1220333231
In base 5, what is 4213 - 4034?
124
In base 10, what is -2 + -12149?
-12151
In base 6, what is -314 + 30422?
30104
In base 5, what is -11013103 + -110?
-11013213
In base 3, what is 111221 - 111?
111110
In base 13, what is 1960 - 220?
1740
In base 16, what is -8e - 37c?
-40a
In base 2, what is 110 - 100010100001000010?
-100010100000111100
In base 12, what is -47 - -20a?
183
In base 13, what is -5 - -10b84?
10b7c
In base 11, what is -1a11 - 3?
-1a14
In base 5, what is -2312442 + -4?
-2313001
In base 8, what is -2 + 111420?
111416
In base 4, what is -313203311 - -3?
-313203302
In base 9, what is -2 + 5348?
5346
In base 10, what is 5089 - -133?
5222
In base 13, what is 1537 + 24a?
1784
In base 8, what is -5520 - -4?
-5514
In base 2, what is 10011100011 - 101?
10011011110
In base 2, what is -11111110 - -10011100010?
1111100100
In base 14, what is -3234 + -92?
-32c6
In base 15, what is -2db91 + 1?
-2db90
In base 13, what is -19 + 8107?
80bb
In base 15, what is 1 - -3bbc?
3bbd
In base 10, what is 4 + 560904?
560908
In base 2, what is -101011010000011010 - 11?
-101011010000011101
In base 14, what is 52 - d53d?
-d4cb
In base 16, what is -2c95a + -5?
-2c95f
In base 3, what is -2 - 211222012?
-211222021
In base 10, what is 647156 + -4?
647152
In base 16, what is 1 - 11859e?
-11859d
In base 13, what is 261 + -16?
248
In base 2, what is -110101010011011011000 + 101?
-110101010011011010011
In base 15, what is -43 - ae4?
-b37
In base 7, what is 362146 + 220?
362366
In base 2, what is 1000010110101110101 - -10?
1000010110101110111
In base 16, what is 419 - 33?
3e6
In base 8, what is -23722 - 0?
-23722
In base 2, what is 1010 + 1101110100100111?
1101110100110001
In base 5, what is -440 - 343?
-1333
In base 11, what is -10347 + 7?
-10340
In base 14, what is 3 + 73340?
73343
In base 7, what is -44 + 50463?
50416
In base 5, what is -1 + -2334343?
-2334344
In base 5, what is -2244203 + 12?
-2244141
In base 15, what is e8e0b + -3?
e8e08
In base 12, what is a8 + 18a?
276
In base 16, what is a31 - 2?
a2f
In base 16, what is -11bc12 + 4?
-11bc0e
In base 13, what is 9520 + 4?
9524
In base 14, what is -58 + -9b?
-115
In base 5, what is -400412 - 4?
-400421
In base 5, what is -210131 + 2?
-210124
In base 8, what is -662 + -3133?
-4015
In base 14, what is 22dd + 2b?
232a
In base 4, what is -10 - 1123231023?
-1123231033
In base 3, what is 10000212 + -2121?
2221021
In base 3, what is 122222 - 112100?
10122
In base 8, what is 3 - -111370?
111373
In base 8, what is -5 + -11704?
-11711
In base 6, what is 2 + -1154030?
-1154024
In base 14, what is -8 - -1d0?
1c6
In base 6, what is -104 + -2354?
-2502
In base 8, what is -47 - 2510?
-2557
In base 11, what is 4 - -18687?
18690
In base 6, what is 4132 + 41?
4213
In base 13, what is 5 - -3a27?
3a2c
In base 15, what is -46d - 8e?
-50c
In base 11, what is 104 + -4955?
-4851
In base 3, what is 2121 + -2201012?
-2121121
In base 16, what is -1 - -6993?
6992
In base 12, what is 5 + 77251?
77256
In base 13, what is -4 - 9462b?
-94632
In base 13, what is -16 + -4327?
-4340
In base 14, what is 15 - -6da?
711
In base 3, what is -10110 + -1120?
-12000
In base 7, what is -16 - 1323031?
-1323050
In base 13, what is 2 - 3578?
-3576
In base 4, what is -131211 - 2111?
-133322
In base 4, what is 11012101 + 0?
11012101
In base 6, what is 5 + 11234120?
11234125
In base 13, what is 21 + 3495c?
34980
In base 10, what is -117 + -1?
-118
In base 11, what is -33845 - 106?
-33950
In base 15, what is -19 + 1ded?
1dd4
In base 16, what is -65a4 + -23?
-65c7
In base 2, what is 10 - -100011010010000?
100011010010010
In base 9, what is -137 - -5774?
5636
In base 13, what is 3b619 + -19?
3b600
In base 4, what is -10132 + -1321302?
-1332100
In base 16, what is 3c70 + 7?
3c77
In base 15, what is 1ddb - -d?
1de9
In base 9, what is 36310 + 236?
36546
In base 4, what is 313100 + 1302?
321002
In base 4, what is -133 - 11310330?
-11311123
In base 13, what is -3 + -171722?
-171725
In base 7, what is 12 + -25054?
-25042
In base 7, what is 6404 + 1650?
11354
In base 13, what is -9c - 5045?
-5114
In base 13, what is bab26 + 3?
bab29
In base 4, what is -20233 - 2023?
-22322
In base 9, what is -74 + 186?
112
In base 13, what is 1a7302 + -2?
1a7300
In base 15, what is -6e2a1 + 3?
-6e29d
In base 9, what is -1 + -3452?
-3453
In base 14, what is 813a + 5?
8141
In base 3, what is 10 + 11221220?
11222000
In base 5, what is -20301 - 1410?
-22211
In base 7, what is -15 - -13444?
13426
In base 3, what is 212 + -10010022?
-10002110
In base 12, what is 1763 + -293?
1490
In base 14, what is -2aa71 + 0?
-2aa71
In base 7, what is 150352 + 24?
150406
In base 4, what is -31130 + 10201?
-20323
In base 15, what is -3 + 23bd3?
23bd0
In base 10, what is 69986 + -4?
69982
In base 6, what is -3415341 - -1?
-3415340
In base 4, what is -11 + -12102303?
-12102320
In base 6, what is -1 - 2231103?
-2231104
In base 5, what is 443 + 100412?
101410
In base 9, what is -458 - -5128?
4560
In base 7, what is 130 - -5241?
5401
In base 4, what is 100 + -1320211311?
-1320211211
In base 10, what is 3839 + -970?
2869
In base 6, what is 21 + 335?
400
In base 6, what is -41 + -15115?
-15200
In base 8, what is -172 - 2014?
-2206
In base 10, what is -61 + 948?
887
In base 16, what is -6c1f - -e?
-6c11
In base 11, what is -77658 - 4?
-77661
In base 13, what is -74 + -2c20?
-2c94
In base 3, what is -220 - 202212220?
-202220210
In base 8, what is -6567 - 16?
-6605
In base 12, what is -21 - -12802?
127a1
In base 4, what is -231 - 2200?
-3031
In base 12, what is 321 - -66?
387
In base 4, what